{"id":520,"date":"2025-03-10T07:46:47","date_gmt":"2025-03-10T06:46:47","guid":{"rendered":"https:\/\/www.verkehrswacht-wetteraukreis.de\/?page_id=520"},"modified":"2025-03-31T11:36:29","modified_gmt":"2025-03-31T09:36:29","slug":"downloads","status":"publish","type":"page","link":"https:\/\/www.verkehrswacht-wetteraukreis.de\/?page_id=520","title":{"rendered":"Roter Ritter-Anh\u00e4nger"},"content":{"rendered":"\n<p class=\"has-text-align-center\">EINLEITUNG UND AUSLEIHBESTIMMUNG<\/p>\n\n\n\n<figure class=\"wp-block-video\"><video height=\"720\" style=\"aspect-ratio: 1280 \/ 720;\" width=\"1280\" controls src=\"https:\/\/www.verkehrswacht-wetteraukreis.de\/wp-content\/uploads\/2025\/03\/Tut_RRM_01_Einleitung_u_Ausleihen.mp4\"><\/video><\/figure>\n\n\n\n<div class=\"wp-block-file\"><a id=\"wp-block-file--media-fcfe4c36-422d-4ae1-a51f-0f9423a9faa1\" href=\"https:\/\/www.verkehrswacht-wetteraukreis.de\/wp-content\/uploads\/2025\/03\/Tut_RRM_01_Einleitung_u_Ausleihen.mp4\">Roter Ritter Mobil \/ Einlaitung und Ausleihbestimmungen<\/a><a href=\"https:\/\/www.verkehrswacht-wetteraukreis.de\/wp-content\/uploads\/2025\/03\/Tut_RRM_01_Einleitung_u_Ausleihen.mp4\" class=\"wp-block-file__button wp-element-button\" download=\"\" aria-describedby=\"wp-block-file--media-fcfe4c36-422d-4ae1-a51f-0f9423a9faa1\">Herunterladen<\/a><\/div>\n\n\n\n<p class=\"has-text-align-center\">BEDIENUNG UND HANDHABUNG<\/p>\n\n\n\n<figure class=\"wp-block-video\"><video height=\"720\" style=\"aspect-ratio: 1280 \/ 720;\" width=\"1280\" controls src=\"https:\/\/www.verkehrswacht-wetteraukreis.de\/wp-content\/uploads\/2025\/03\/Tut_RRM_02.mp4\"><\/video><\/figure>\n\n\n\n<div class=\"wp-block-file\"><a id=\"wp-block-file--media-fcfe4c36-422d-4ae1-a51f-0f9423a9faa2\" href=\"https:\/\/www.verkehrswacht-wetteraukreis.de\/wp-content\/uploads\/2025\/03\/Tut_RRM_02.mp4\"> BEDIENUNG UND HANDHABUNG <\/a><a href=\"https:\/\/www.verkehrswacht-wetteraukreis.de\/wp-content\/uploads\/2025\/03\/Tut_RRM_02.mp4\" class=\"wp-block-file__button wp-element-button\" download=\"\" aria-describedby=\"wp-block-file--media-fcfe4c36-422d-4ae1-a51f-0f9423a9faa2\">Herunterladen<\/a><\/div>\n\n\n\n<p class=\"has-text-align-center\">ORGABOX<\/p>\n\n\n\n<figure class=\"wp-block-video\"><video height=\"720\" style=\"aspect-ratio: 1280 \/ 720;\" width=\"1280\" controls src=\"https:\/\/www.verkehrswacht-wetteraukreis.de\/wp-content\/uploads\/2025\/03\/Tut_RRM_03.mp4\"><\/video><\/figure>\n\n\n\n<div class=\"wp-block-file\"><a id=\"wp-block-file--media-fcfe4c36-422d-4ae1-a51f-0f9423a9faa3\" href=\"https:\/\/www.verkehrswacht-wetteraukreis.de\/wp-content\/uploads\/2025\/03\/Tut_RRM_03.mp4\"> ORGABOX <\/a><a href=\"https:\/\/www.verkehrswacht-wetteraukreis.de\/wp-content\/uploads\/2025\/03\/Tut_RRM_03.mp4\" class=\"wp-block-file__button wp-element-button\" download=\"\" aria-describedby=\"wp-block-file--media-fcfe4c36-422d-4ae1-a51f-0f9423a9faa3\">Herunterladen<\/a><\/div>\n\n\n\n<p class=\"has-text-align-center\">STRASSENVERKEHR IM SCHONRAUM SIMULIEREN<\/p>\n\n\n\n<figure class=\"wp-block-video\"><video height=\"720\" style=\"aspect-ratio: 1280 \/ 720;\" width=\"1280\" controls src=\"https:\/\/www.verkehrswacht-wetteraukreis.de\/wp-content\/uploads\/2025\/03\/Tut_RRM_04.mp4\"><\/video><\/figure>\n\n\n\n<div class=\"wp-block-file\"><a id=\"wp-block-file--media-fcfe4c36-422d-4ae1-a51f-0f9423a9faa4\" href=\"https:\/\/www.verkehrswacht-wetteraukreis.de\/wp-content\/uploads\/2025\/03\/Tut_RRM_04.mp4\"> STRASSENVERKEHR IM SCHONRAUM SIMULIEREN<\/a><a href=\"https:\/\/www.verkehrswacht-wetteraukreis.de\/wp-content\/uploads\/2025\/03\/Tut_RRM_04.mp4\" class=\"wp-block-file__button wp-element-button\" download=\"\" aria-describedby=\"wp-block-file--media-fcfe4c36-422d-4ae1-a51f-0f9423a9faa4\">Herunterladen<\/a><\/div>\n\n\n\n<p class=\"has-text-align-center\">KINDER F\u00dcR GEFAHREN SENSIBILISIEREN<\/p>\n\n\n\n<figure class=\"wp-block-video\"><video height=\"720\" style=\"aspect-ratio: 1280 \/ 720;\" width=\"1280\" controls src=\"https:\/\/www.verkehrswacht-wetteraukreis.de\/wp-content\/uploads\/2025\/03\/Tut_RRM_05.mp4\"><\/video><\/figure>\n\n\n\n<div class=\"wp-block-file\"><a id=\"wp-block-file--media-fcfe4c36-422d-4ae1-a51f-0f9423a9faa5\" href=\"https:\/\/www.verkehrswacht-wetteraukreis.de\/wp-content\/uploads\/2025\/03\/Tut_RRM_05.mp4\"> KINDER F\u00dcR GEFAHREN SENSIBILISIEREN<\/a><a href=\"https:\/\/www.verkehrswacht-wetteraukreis.de\/wp-content\/uploads\/2025\/03\/Tut_RRM_05.mp4\" class=\"wp-block-file__button wp-element-button\" download=\"\" aria-describedby=\"wp-block-file--media-fcfe4c36-422d-4ae1-a51f-0f9423a9faa5\">Herunterladen<\/a><\/div>\n\n\n\n<p class=\"has-text-align-center\">K\u00d6RPERKOORDINATION F\u00d6RDERN UND TRAINIEREN<\/p>\n\n\n\n<figure class=\"wp-block-video\"><video height=\"720\" style=\"aspect-ratio: 1280 \/ 720;\" width=\"1280\" controls src=\"https:\/\/www.verkehrswacht-wetteraukreis.de\/wp-content\/uploads\/2025\/03\/Tut_RRM_06.mp4\"><\/video><\/figure>\n\n\n\n<div class=\"wp-block-file\"><a id=\"wp-block-file--media-fcfe4c36-422d-4ae1-a51f-0f9423a9faa6\" href=\"https:\/\/www.verkehrswacht-wetteraukreis.de\/wp-content\/uploads\/2025\/03\/Tut_RRM_06.mp4\"> K\u00d6RPERKOORDINATION F\u00d6RDERN UND TRAINIEREN <\/a><a href=\"https:\/\/www.verkehrswacht-wetteraukreis.de\/wp-content\/uploads\/2025\/03\/Tut_RRM_06.mp4\" class=\"wp-block-file__button wp-element-button\" download=\"\" aria-describedby=\"wp-block-file--media-fcfe4c36-422d-4ae1-a51f-0f9423a9faa6\">Herunterladen<\/a><\/div>\n\n\n\n<p class=\"has-text-align-center\">ELTERN SENSIBILISIEREN UND EINBINDEN<\/p>\n\n\n\n<figure class=\"wp-block-video\"><video height=\"720\" style=\"aspect-ratio: 1280 \/ 720;\" width=\"1280\" controls src=\"https:\/\/www.verkehrswacht-wetteraukreis.de\/wp-content\/uploads\/2025\/03\/Tut_RRM_07.mp4\"><\/video><\/figure>\n\n\n\n<div class=\"wp-block-file\"><a id=\"wp-block-file--media-fcfe4c36-422d-4ae1-a51f-0f9423a9faa7\" href=\"https:\/\/www.verkehrswacht-wetteraukreis.de\/wp-content\/uploads\/2025\/03\/Tut_RRM_07.mp4\"> ELTERN SENSIBILISIEREN UND EINBINDEN <\/a><a href=\"https:\/\/www.verkehrswacht-wetteraukreis.de\/wp-content\/uploads\/2025\/03\/Tut_RRM_07.mp4\" class=\"wp-block-file__button wp-element-button\" download=\"\" aria-describedby=\"wp-block-file--media-fcfe4c36-422d-4ae1-a51f-0f9423a9faa7\">Herunterladen<\/a><\/div>\n\n\n\n<p><\/p>\n\n\n\n<p><\/p>\n","protected":false},"excerpt":{"rendered":"<p>EINLEITUNG UND AUSLEIHBESTIMMUNG Roter Ritter Mobil \/ Einlaitung und AusleihbestimmungenHerunterladen BEDIENUNG UND HANDHABUNG BEDIENUNG UND HANDHABUNG Herunterladen ORGABOX ORGABOX Herunterladen STRASSENVERKEHR IM SCHONRAUM SIMULIEREN STRASSENVERKEHR IM SCHONRAUM SIMULIERENHerunterladen KINDER F\u00dcR GEFAHREN SENSIBILISIEREN KINDER F\u00dcR GEFAHREN SENSIBILISIERENHerunterladen K\u00d6RPERKOORDINATION F\u00d6RDERN UND TRAINIEREN K\u00d6RPERKOORDINATION F\u00d6RDERN UND TRAINIEREN Herunterladen ELTERN SENSIBILISIEREN UND EINBINDEN ELTERN SENSIBILISIEREN UND EINBINDEN Herunterladen<\/p>\n","protected":false},"author":4,"featured_media":0,"parent":0,"menu_order":0,"comment_status":"closed","ping_status":"closed","template":"","meta":{"_uag_custom_page_level_css":"","footnotes":""},"class_list":["post-520","page","type-page","status-publish","hentry"],"uagb_featured_image_src":{"full":false,"thumbnail":false,"medium":false,"medium_large":false,"large":false,"1536x1536":false,"2048x2048":false,"twentyseventeen-featured-image":false,"twentyseventeen-thumbnail-avatar":false},"uagb_author_info":{"display_name":"tnielandt","author_link":"https:\/\/www.verkehrswacht-wetteraukreis.de\/?author=4"},"uagb_comment_info":0,"uagb_excerpt":"EINLEITUNG UND AUSLEIHBESTIMMUNG Roter Ritter Mobil \/ Einlaitung und AusleihbestimmungenHerunterladen BEDIENUNG UND HANDHABUNG BEDIENUNG UND HANDHABUNG Herunterladen ORGABOX ORGABOX Herunterladen STRASSENVERKEHR IM SCHONRAUM SIMULIEREN STRASSENVERKEHR IM SCHONRAUM SIMULIERENHerunterladen KINDER F\u00dcR GEFAHREN SENSIBILISIEREN KINDER F\u00dcR GEFAHREN SENSIBILISIERENHerunterladen K\u00d6RPERKOORDINATION F\u00d6RDERN UND TRAINIEREN K\u00d6RPERKOORDINATION F\u00d6RDERN UND TRAINIEREN Herunterladen ELTERN SENSIBILISIEREN UND EINBINDEN ELTERN SENSIBILISIEREN UND EINBINDEN Herunterladen","_links":{"self":[{"href":"https:\/\/www.verkehrswacht-wetteraukreis.de\/index.php?rest_route=\/wp\/v2\/pages\/520","targetHints":{"allow":["GET"]}}],"collection":[{"href":"https:\/\/www.verkehrswacht-wetteraukreis.de\/index.php?rest_route=\/wp\/v2\/pages"}],"about":[{"href":"https:\/\/www.verkehrswacht-wetteraukreis.de\/index.php?rest_route=\/wp\/v2\/types\/page"}],"author":[{"embeddable":true,"href":"https:\/\/www.verkehrswacht-wetteraukreis.de\/index.php?rest_route=\/wp\/v2\/users\/4"}],"replies":[{"embeddable":true,"href":"https:\/\/www.verkehrswacht-wetteraukreis.de\/index.php?rest_route=%2Fwp%2Fv2%2Fcomments&post=520"}],"version-history":[{"count":20,"href":"https:\/\/www.verkehrswacht-wetteraukreis.de\/index.php?rest_route=\/wp\/v2\/pages\/520\/revisions"}],"predecessor-version":[{"id":550,"href":"https:\/\/www.verkehrswacht-wetteraukreis.de\/index.php?rest_route=\/wp\/v2\/pages\/520\/revisions\/550"}],"wp:attachment":[{"href":"https:\/\/www.verkehrswacht-wetteraukreis.de\/index.php?rest_route=%2Fwp%2Fv2%2Fmedia&parent=520"}],"curies":[{"name":"wp","href":"https:\/\/api.w.org\/{rel}","templated":true}]}}