{"id":188,"date":"2018-05-21T15:51:22","date_gmt":"2018-05-21T13:51:22","guid":{"rendered":"https:\/\/wp.verkehrswacht-wetteraukreis.de\/?page_id=188"},"modified":"2020-11-17T06:45:09","modified_gmt":"2020-11-17T05:45:09","slug":"medaille-der-verkehrswacht-wetteraukreis","status":"publish","type":"page","link":"https:\/\/www.verkehrswacht-wetteraukreis.de\/?page_id=188","title":{"rendered":"Medaille der Verkehrswacht Wetteraukreis"},"content":{"rendered":"<p>F\u00fcr besondere Leistungen um die Sicherheit im Stra\u00dfenverkehr wird die Medaille der Verkehrswacht ausgeh\u00e4ndigt.<\/p>\n<p>Sie wurde schon an eine Vielzahl von \u201eHelfer:innen im Stra\u00dfenverkehr\u201c ausgeh\u00e4ndigt, so z.B. an Personen, die aus einem im Wasser versinkenden Fahrzeug Personen retteten oder ganz selbstlos eine Fahrer:in aus ihrem brennenden Fahrzeug zogen \u2013 trotz erheblicher eigener Gef\u00e4hrdung.<\/p>\n<p>Eine Medaille wert ist auch die jahrzehntelange ehrenamtliche T\u00e4tigkeit in der Verkehrswacht.<\/p>\n<p>Anregungen f\u00fcr Auszeichnungen von Personen, die sich in dieser Richtung besonders hervorgetan haben, nehmen wir gerne entgegen.<\/p>\n","protected":false},"excerpt":{"rendered":"<p>F\u00fcr besondere Leistungen um die Sicherheit im Stra\u00dfenverkehr wird die Medaille der Verkehrswacht ausgeh\u00e4ndigt. Sie wurde schon an eine Vielzahl von \u201eHelfer:innen im Stra\u00dfenverkehr\u201c ausgeh\u00e4ndigt, so z.B. an Personen, die aus einem im Wasser versinkenden Fahrzeug Personen retteten oder ganz selbstlos eine Fahrer:in aus ihrem brennenden Fahrzeug zogen \u2013 trotz erheblicher eigener Gef\u00e4hrdung. Eine Medaille &hellip; <\/p>\n<p class=\"link-more\"><a href=\"https:\/\/www.verkehrswacht-wetteraukreis.de\/?page_id=188\" class=\"more-link\"><span class=\"screen-reader-text\">\u201eMedaille der Verkehrswacht Wetteraukreis\u201c <\/span>weiterlesen<\/a><\/p>\n","protected":false},"author":1,"featured_media":0,"parent":0,"menu_order":0,"comment_status":"closed","ping_status":"closed","template":"","meta":{"_uag_custom_page_level_css":"","footnotes":""},"class_list":["post-188","page","type-page","status-publish","hentry"],"uagb_featured_image_src":{"full":false,"thumbnail":false,"medium":false,"medium_large":false,"large":false,"1536x1536":false,"2048x2048":false,"twentyseventeen-featured-image":false,"twentyseventeen-thumbnail-avatar":false},"uagb_author_info":{"display_name":"tnielandt","author_link":"https:\/\/www.verkehrswacht-wetteraukreis.de\/?author=1"},"uagb_comment_info":0,"uagb_excerpt":"F\u00fcr besondere Leistungen um die Sicherheit im Stra\u00dfenverkehr wird die Medaille der Verkehrswacht ausgeh\u00e4ndigt. Sie wurde schon an eine Vielzahl von \u201eHelfer:innen im Stra\u00dfenverkehr\u201c ausgeh\u00e4ndigt, so z.B. an Personen, die aus einem im Wasser versinkenden Fahrzeug Personen retteten oder ganz selbstlos eine Fahrer:in aus ihrem brennenden Fahrzeug zogen \u2013 trotz erheblicher eigener Gef\u00e4hrdung. Eine Medaille&hellip;","_links":{"self":[{"href":"https:\/\/www.verkehrswacht-wetteraukreis.de\/index.php?rest_route=\/wp\/v2\/pages\/188","targetHints":{"allow":["GET"]}}],"collection":[{"href":"https:\/\/www.verkehrswacht-wetteraukreis.de\/index.php?rest_route=\/wp\/v2\/pages"}],"about":[{"href":"https:\/\/www.verkehrswacht-wetteraukreis.de\/index.php?rest_route=\/wp\/v2\/types\/page"}],"author":[{"embeddable":true,"href":"https:\/\/www.verkehrswacht-wetteraukreis.de\/index.php?rest_route=\/wp\/v2\/users\/1"}],"replies":[{"embeddable":true,"href":"https:\/\/www.verkehrswacht-wetteraukreis.de\/index.php?rest_route=%2Fwp%2Fv2%2Fcomments&post=188"}],"version-history":[{"count":2,"href":"https:\/\/www.verkehrswacht-wetteraukreis.de\/index.php?rest_route=\/wp\/v2\/pages\/188\/revisions"}],"predecessor-version":[{"id":435,"href":"https:\/\/www.verkehrswacht-wetteraukreis.de\/index.php?rest_route=\/wp\/v2\/pages\/188\/revisions\/435"}],"wp:attachment":[{"href":"https:\/\/www.verkehrswacht-wetteraukreis.de\/index.php?rest_route=%2Fwp%2Fv2%2Fmedia&parent=188"}],"curies":[{"name":"wp","href":"https:\/\/api.w.org\/{rel}","templated":true}]}}