{"id":183,"date":"2018-05-21T15:50:45","date_gmt":"2018-05-21T13:50:45","guid":{"rendered":"https:\/\/wp.verkehrswacht-wetteraukreis.de\/?page_id=183"},"modified":"2020-11-17T07:31:24","modified_gmt":"2020-11-17T06:31:24","slug":"mobil-bleiben-aber-sicher","status":"publish","type":"page","link":"https:\/\/www.verkehrswacht-wetteraukreis.de\/?page_id=183","title":{"rendered":"Mobil bleiben \u2013 aber sicher"},"content":{"rendered":"<p>Mit dem Bundesprojekt \u201eMobil bleiben, aber sicher!&#8220; tr\u00e4gt die Verkehrswacht der Tatsache Rechnung, dass \u00e4ltere Menschen einerseits \u00fcber einen reichen Erfahrungsschatz verf\u00fcgen. Andererseits treten jedoch im Laufe der Jahre k\u00f6rperliche Defizite auf, die die Fahrsicherheit beeintr\u00e4chtigen. Insbesondere schleichende k\u00f6rperliche Ver\u00e4nderungen, wie das Nachlassen der Sehkraft oder des H\u00f6rverm\u00f6gens, werden von den Betroffenen oft lange nicht bemerkt.<\/p>\n<p>Hier setzen wir&nbsp; mit unseren Ma\u00dfnahmen an. Ziel ist es, das Bed\u00fcrfnis nach Mobilit\u00e4t mit dem Wunsch nach Sicherheit und dem Erkennen der eigenen Grenzen auch im Alter in Einklang zu bringen. Daher wird in dem Projekt \u201eMobil bleiben, aber sicher!&#8220; nicht nur trockene Theorie vermittelt, sondern hier hei\u00dft es: Mitmachen und selbst Erleben!<\/p>\n<p>Seniorenclubs, Kirchengemeinden oder auch St\u00e4dte und Gemeinden k\u00f6nnen sich bei uns beraten lassen, bzw. eine solche Aktion abrufen.<\/p>\n\n\n<div class=\"wp-block-image\"><figure class=\"aligncenter size-large\"><img loading=\"lazy\" decoding=\"async\" width=\"550\" height=\"294\" src=\"https:\/\/www.verkehrswacht-wetteraukreis.de\/wp-content\/uploads\/2020\/11\/88_0.jpg\" alt=\"\" class=\"wp-image-343\" srcset=\"https:\/\/www.verkehrswacht-wetteraukreis.de\/wp-content\/uploads\/2020\/11\/88_0.jpg 550w, https:\/\/www.verkehrswacht-wetteraukreis.de\/wp-content\/uploads\/2020\/11\/88_0-300x160.jpg 300w\" sizes=\"auto, (max-width: 550px) 100vw, 550px\" \/><\/figure><\/div>\n","protected":false},"excerpt":{"rendered":"<p>Mit dem Bundesprojekt \u201eMobil bleiben, aber sicher!&#8220; tr\u00e4gt die Verkehrswacht der Tatsache Rechnung, dass \u00e4ltere Menschen einerseits \u00fcber einen reichen Erfahrungsschatz verf\u00fcgen. Andererseits treten jedoch im Laufe der Jahre k\u00f6rperliche Defizite auf, die die Fahrsicherheit beeintr\u00e4chtigen. Insbesondere schleichende k\u00f6rperliche Ver\u00e4nderungen, wie das Nachlassen der Sehkraft oder des H\u00f6rverm\u00f6gens, werden von den Betroffenen oft lange nicht &hellip; <\/p>\n<p class=\"link-more\"><a href=\"https:\/\/www.verkehrswacht-wetteraukreis.de\/?page_id=183\" class=\"more-link\"><span class=\"screen-reader-text\">\u201eMobil bleiben \u2013 aber sicher\u201c <\/span>weiterlesen<\/a><\/p>\n","protected":false},"author":1,"featured_media":0,"parent":0,"menu_order":0,"comment_status":"closed","ping_status":"closed","template":"","meta":{"_uag_custom_page_level_css":"","footnotes":""},"class_list":["post-183","page","type-page","status-publish","hentry"],"uagb_featured_image_src":{"full":false,"thumbnail":false,"medium":false,"medium_large":false,"large":false,"1536x1536":false,"2048x2048":false,"twentyseventeen-featured-image":false,"twentyseventeen-thumbnail-avatar":false},"uagb_author_info":{"display_name":"tnielandt","author_link":"https:\/\/www.verkehrswacht-wetteraukreis.de\/?author=1"},"uagb_comment_info":0,"uagb_excerpt":"Mit dem Bundesprojekt \u201eMobil bleiben, aber sicher!&#8220; tr\u00e4gt die Verkehrswacht der Tatsache Rechnung, dass \u00e4ltere Menschen einerseits \u00fcber einen reichen Erfahrungsschatz verf\u00fcgen. Andererseits treten jedoch im Laufe der Jahre k\u00f6rperliche Defizite auf, die die Fahrsicherheit beeintr\u00e4chtigen. Insbesondere schleichende k\u00f6rperliche Ver\u00e4nderungen, wie das Nachlassen der Sehkraft oder des H\u00f6rverm\u00f6gens, werden von den Betroffenen oft lange nicht&hellip;","_links":{"self":[{"href":"https:\/\/www.verkehrswacht-wetteraukreis.de\/index.php?rest_route=\/wp\/v2\/pages\/183","targetHints":{"allow":["GET"]}}],"collection":[{"href":"https:\/\/www.verkehrswacht-wetteraukreis.de\/index.php?rest_route=\/wp\/v2\/pages"}],"about":[{"href":"https:\/\/www.verkehrswacht-wetteraukreis.de\/index.php?rest_route=\/wp\/v2\/types\/page"}],"author":[{"embeddable":true,"href":"https:\/\/www.verkehrswacht-wetteraukreis.de\/index.php?rest_route=\/wp\/v2\/users\/1"}],"replies":[{"embeddable":true,"href":"https:\/\/www.verkehrswacht-wetteraukreis.de\/index.php?rest_route=%2Fwp%2Fv2%2Fcomments&post=183"}],"version-history":[{"count":4,"href":"https:\/\/www.verkehrswacht-wetteraukreis.de\/index.php?rest_route=\/wp\/v2\/pages\/183\/revisions"}],"predecessor-version":[{"id":454,"href":"https:\/\/www.verkehrswacht-wetteraukreis.de\/index.php?rest_route=\/wp\/v2\/pages\/183\/revisions\/454"}],"wp:attachment":[{"href":"https:\/\/www.verkehrswacht-wetteraukreis.de\/index.php?rest_route=%2Fwp%2Fv2%2Fmedia&parent=183"}],"curies":[{"name":"wp","href":"https:\/\/api.w.org\/{rel}","templated":true}]}}