{"id":134,"date":"2018-05-21T15:23:09","date_gmt":"2018-05-21T13:23:09","guid":{"rendered":"https:\/\/wp.verkehrswacht-wetteraukreis.de\/?page_id=134"},"modified":"2020-11-17T06:56:22","modified_gmt":"2020-11-17T05:56:22","slug":"aktionen-bei-einschulung-der-erstklaessler","status":"publish","type":"page","link":"https:\/\/www.verkehrswacht-wetteraukreis.de\/?page_id=134","title":{"rendered":"Aktionen bei Einschulung"},"content":{"rendered":"<p>Nach den langen Sommerferien ist oft feststellbar, dass Kraftfahrer weniger als notwendig auf Kinder achten.<\/p>\n<p>Um Autofahrer auf den nahenden Schulbeginn hinzuweisen, werden an die St\u00e4dte und Gemeinden Plakate und Spannb\u00e4nder mit entsprechenden Hinweisen verteilt. Insbesondere wird auf die Erstkl\u00e4ssler\u00a0 als Verkehrsanf\u00e4nger hingewiesen. Diese Plakate und Spannb\u00e4nder werden von allen St\u00e4dten und Gemeinden f\u00fcr die Dauer von 3-4 Wochen aufgestellt.<\/p>\n<p>Weiter bieten wir den Eltern der Erstkl\u00e4ssler \u201egelbe M\u00fctzen\u201c an, die die Kinder durch die leuchtende Farbe deutlich hervorheben.<\/p>\n\n\n<figure class=\"wp-block-image size-large is-resized\"><img loading=\"lazy\" decoding=\"async\" src=\"https:\/\/www.verkehrswacht-wetteraukreis.de\/wp-content\/uploads\/2020\/11\/4305-Spannband-Tempo-runter-Schulanfang-Grundschule-Schulanfangsaktion-Sicherheitsartikel-Verkehrswachten-1024x768.jpg\" alt=\"\" class=\"wp-image-443\" width=\"631\" height=\"473\" srcset=\"https:\/\/www.verkehrswacht-wetteraukreis.de\/wp-content\/uploads\/2020\/11\/4305-Spannband-Tempo-runter-Schulanfang-Grundschule-Schulanfangsaktion-Sicherheitsartikel-Verkehrswachten-1024x768.jpg 1024w, https:\/\/www.verkehrswacht-wetteraukreis.de\/wp-content\/uploads\/2020\/11\/4305-Spannband-Tempo-runter-Schulanfang-Grundschule-Schulanfangsaktion-Sicherheitsartikel-Verkehrswachten-300x225.jpg 300w, https:\/\/www.verkehrswacht-wetteraukreis.de\/wp-content\/uploads\/2020\/11\/4305-Spannband-Tempo-runter-Schulanfang-Grundschule-Schulanfangsaktion-Sicherheitsartikel-Verkehrswachten-768x576.jpg 768w, https:\/\/www.verkehrswacht-wetteraukreis.de\/wp-content\/uploads\/2020\/11\/4305-Spannband-Tempo-runter-Schulanfang-Grundschule-Schulanfangsaktion-Sicherheitsartikel-Verkehrswachten-1536x1152.jpg 1536w, https:\/\/www.verkehrswacht-wetteraukreis.de\/wp-content\/uploads\/2020\/11\/4305-Spannband-Tempo-runter-Schulanfang-Grundschule-Schulanfangsaktion-Sicherheitsartikel-Verkehrswachten.jpg 1645w\" sizes=\"auto, (max-width: 631px) 100vw, 631px\" \/><\/figure>\n","protected":false},"excerpt":{"rendered":"<p>Nach den langen Sommerferien ist oft feststellbar, dass Kraftfahrer weniger als notwendig auf Kinder achten. Um Autofahrer auf den nahenden Schulbeginn hinzuweisen, werden an die St\u00e4dte und Gemeinden Plakate und Spannb\u00e4nder mit entsprechenden Hinweisen verteilt. Insbesondere wird auf die Erstkl\u00e4ssler\u00a0 als Verkehrsanf\u00e4nger hingewiesen. Diese Plakate und Spannb\u00e4nder werden von allen St\u00e4dten und Gemeinden f\u00fcr die &hellip; <\/p>\n<p class=\"link-more\"><a href=\"https:\/\/www.verkehrswacht-wetteraukreis.de\/?page_id=134\" class=\"more-link\"><span class=\"screen-reader-text\">\u201eAktionen bei Einschulung\u201c <\/span>weiterlesen<\/a><\/p>\n","protected":false},"author":1,"featured_media":0,"parent":0,"menu_order":0,"comment_status":"closed","ping_status":"closed","template":"","meta":{"_uag_custom_page_level_css":"","footnotes":""},"class_list":["post-134","page","type-page","status-publish","hentry"],"uagb_featured_image_src":{"full":false,"thumbnail":false,"medium":false,"medium_large":false,"large":false,"1536x1536":false,"2048x2048":false,"twentyseventeen-featured-image":false,"twentyseventeen-thumbnail-avatar":false},"uagb_author_info":{"display_name":"tnielandt","author_link":"https:\/\/www.verkehrswacht-wetteraukreis.de\/?author=1"},"uagb_comment_info":0,"uagb_excerpt":"Nach den langen Sommerferien ist oft feststellbar, dass Kraftfahrer weniger als notwendig auf Kinder achten. Um Autofahrer auf den nahenden Schulbeginn hinzuweisen, werden an die St\u00e4dte und Gemeinden Plakate und Spannb\u00e4nder mit entsprechenden Hinweisen verteilt. Insbesondere wird auf die Erstkl\u00e4ssler\u00a0 als Verkehrsanf\u00e4nger hingewiesen. Diese Plakate und Spannb\u00e4nder werden von allen St\u00e4dten und Gemeinden f\u00fcr die&hellip;","_links":{"self":[{"href":"https:\/\/www.verkehrswacht-wetteraukreis.de\/index.php?rest_route=\/wp\/v2\/pages\/134","targetHints":{"allow":["GET"]}}],"collection":[{"href":"https:\/\/www.verkehrswacht-wetteraukreis.de\/index.php?rest_route=\/wp\/v2\/pages"}],"about":[{"href":"https:\/\/www.verkehrswacht-wetteraukreis.de\/index.php?rest_route=\/wp\/v2\/types\/page"}],"author":[{"embeddable":true,"href":"https:\/\/www.verkehrswacht-wetteraukreis.de\/index.php?rest_route=\/wp\/v2\/users\/1"}],"replies":[{"embeddable":true,"href":"https:\/\/www.verkehrswacht-wetteraukreis.de\/index.php?rest_route=%2Fwp%2Fv2%2Fcomments&post=134"}],"version-history":[{"count":3,"href":"https:\/\/www.verkehrswacht-wetteraukreis.de\/index.php?rest_route=\/wp\/v2\/pages\/134\/revisions"}],"predecessor-version":[{"id":444,"href":"https:\/\/www.verkehrswacht-wetteraukreis.de\/index.php?rest_route=\/wp\/v2\/pages\/134\/revisions\/444"}],"wp:attachment":[{"href":"https:\/\/www.verkehrswacht-wetteraukreis.de\/index.php?rest_route=%2Fwp%2Fv2%2Fmedia&parent=134"}],"curies":[{"name":"wp","href":"https:\/\/api.w.org\/{rel}","templated":true}]}}