{"id":118,"date":"2018-05-21T15:12:00","date_gmt":"2018-05-21T13:12:00","guid":{"rendered":"https:\/\/wp.verkehrswacht-wetteraukreis.de\/?page_id=118"},"modified":"2020-11-17T07:22:46","modified_gmt":"2020-11-17T06:22:46","slug":"velofit","status":"publish","type":"page","link":"https:\/\/www.verkehrswacht-wetteraukreis.de\/?page_id=118","title":{"rendered":"Velofit"},"content":{"rendered":"<p>Immer mehr Kinder haben Probleme bei der Radfahrausbildung im 4. Schuljahr. H\u00e4ufigster Grund: Bewegungsmangel! Velofit legt in den Klasse 1 bis 3 die Basis f\u00fcr sicheres Radfahren. Nur bewegungssichere Kinder k\u00f6nnen sich auf den Verkehr konzentrieren!<\/p>\n<p>Alle Wetterauer Grundschulen haben das entsprechende, vom Wetteraukreis finanzierte, Material von uns erhalten.<\/p>\n\n\n<figure class=\"wp-block-image size-large is-resized\"><img loading=\"lazy\" decoding=\"async\" src=\"https:\/\/www.verkehrswacht-wetteraukreis.de\/wp-content\/uploads\/2020\/11\/move-it-Bewegung-Bewegungsfoerderung-Grundschule-Verkehrserziehung-move-it-Box-763x600-1.jpg\" alt=\"\" class=\"wp-image-398\" width=\"431\" height=\"339\" srcset=\"https:\/\/www.verkehrswacht-wetteraukreis.de\/wp-content\/uploads\/2020\/11\/move-it-Bewegung-Bewegungsfoerderung-Grundschule-Verkehrserziehung-move-it-Box-763x600-1.jpg 763w, https:\/\/www.verkehrswacht-wetteraukreis.de\/wp-content\/uploads\/2020\/11\/move-it-Bewegung-Bewegungsfoerderung-Grundschule-Verkehrserziehung-move-it-Box-763x600-1-300x236.jpg 300w\" sizes=\"auto, (max-width: 431px) 100vw, 431px\" \/><\/figure>\n","protected":false},"excerpt":{"rendered":"<p>Immer mehr Kinder haben Probleme bei der Radfahrausbildung im 4. Schuljahr. H\u00e4ufigster Grund: Bewegungsmangel! Velofit legt in den Klasse 1 bis 3 die Basis f\u00fcr sicheres Radfahren. Nur bewegungssichere Kinder k\u00f6nnen sich auf den Verkehr konzentrieren! Alle Wetterauer Grundschulen haben das entsprechende, vom Wetteraukreis finanzierte, Material von uns erhalten.<\/p>\n","protected":false},"author":1,"featured_media":0,"parent":40,"menu_order":0,"comment_status":"closed","ping_status":"closed","template":"","meta":{"_uag_custom_page_level_css":"","footnotes":""},"class_list":["post-118","page","type-page","status-publish","hentry"],"uagb_featured_image_src":{"full":false,"thumbnail":false,"medium":false,"medium_large":false,"large":false,"1536x1536":false,"2048x2048":false,"twentyseventeen-featured-image":false,"twentyseventeen-thumbnail-avatar":false},"uagb_author_info":{"display_name":"tnielandt","author_link":"https:\/\/www.verkehrswacht-wetteraukreis.de\/?author=1"},"uagb_comment_info":0,"uagb_excerpt":"Immer mehr Kinder haben Probleme bei der Radfahrausbildung im 4. Schuljahr. H\u00e4ufigster Grund: Bewegungsmangel! Velofit legt in den Klasse 1 bis 3 die Basis f\u00fcr sicheres Radfahren. Nur bewegungssichere Kinder k\u00f6nnen sich auf den Verkehr konzentrieren! Alle Wetterauer Grundschulen haben das entsprechende, vom Wetteraukreis finanzierte, Material von uns erhalten.","_links":{"self":[{"href":"https:\/\/www.verkehrswacht-wetteraukreis.de\/index.php?rest_route=\/wp\/v2\/pages\/118","targetHints":{"allow":["GET"]}}],"collection":[{"href":"https:\/\/www.verkehrswacht-wetteraukreis.de\/index.php?rest_route=\/wp\/v2\/pages"}],"about":[{"href":"https:\/\/www.verkehrswacht-wetteraukreis.de\/index.php?rest_route=\/wp\/v2\/types\/page"}],"author":[{"embeddable":true,"href":"https:\/\/www.verkehrswacht-wetteraukreis.de\/index.php?rest_route=\/wp\/v2\/users\/1"}],"replies":[{"embeddable":true,"href":"https:\/\/www.verkehrswacht-wetteraukreis.de\/index.php?rest_route=%2Fwp%2Fv2%2Fcomments&post=118"}],"version-history":[{"count":3,"href":"https:\/\/www.verkehrswacht-wetteraukreis.de\/index.php?rest_route=\/wp\/v2\/pages\/118\/revisions"}],"predecessor-version":[{"id":446,"href":"https:\/\/www.verkehrswacht-wetteraukreis.de\/index.php?rest_route=\/wp\/v2\/pages\/118\/revisions\/446"}],"up":[{"embeddable":true,"href":"https:\/\/www.verkehrswacht-wetteraukreis.de\/index.php?rest_route=\/wp\/v2\/pages\/40"}],"wp:attachment":[{"href":"https:\/\/www.verkehrswacht-wetteraukreis.de\/index.php?rest_route=%2Fwp%2Fv2%2Fmedia&parent=118"}],"curies":[{"name":"wp","href":"https:\/\/api.w.org\/{rel}","templated":true}]}}